- -5) + (67 - 57))?
-62
What is the value of 0 + (-7 - (11 + 13 + -21 + -76))?
66
What is the value of (27 - 82) + 128 + -83?
-10
What is (67 - (-6 + (6 - 22) - -7 - -6)) + 9?
85
Calculate 27 - (-25 - -83) - -27.
-4
What is (-37 + 26 - -12) + -2 + -8?
-9
What is the value of (3 - -103) + 2 + 4 - (-23 + 37 + 0)?
98
What is the value of -19 + 9 + -5 - (28 + -35)?
-8
Calculate 73 + 10 + 8 + -19 + (-19 - -3).
56
What is the value of (19 - 3) + (46 - 34 - 33) - 74?
-79
What is the value of (59 - (107 + 27)) + 148?
73
What is 0 - (-2 - 8) - ((-72 - 10) + -142 + 94)?
140
Evaluate 30 + (-61 - 20) + 30.
-21
What is the value of 15 - (-18 + -10 + 4 + -10)?
49
Evaluate -3 - ((37 - 10 - 8) + -6).
-16
What is -9 + 26 + 36 + (-4 - 16)?
33
3 - ((-16 - -15) + (15 - 1)) - (177 - 219)
32
Calculate 511 + -543 - (-21 + 12 + 0 + (1 - 2)).
-22
9 + (-5 - (-8 + (5 - -2))) + 24
29
Evaluate 12 - (68 + -48 - (-40 - -12)).
-36
What is 11 + 1 - (-57 - (-135 - -87))?
21
Evaluate (254 - 226) + (-5 + 11 - -23).
57
What is the value of -1 - -4 - (15 + -15 + (23 - (10 - -5)))?
-5
What is -56 + 17 + (57 - 17)?
1
Calculate 18 - (-6 + (-18 - -40)) - (4 + -3).
1
Calculate 125 - (200 - 2) - -148.
75
Evaluate (11 - 8 - -34) + (-26 - -28).
39
135 + -96 + -124 - -42
-43
(-75 - -70) + (-11 - (50 - -4) - 11)
-81
What is (152 - 592) + 453 - ((-1 - -1) + 24)?
-11
Evaluate (-30 - -3) + (29 + -35 - -122).
89
Evaluate (-42 - (36 - 73)) + -28.
-33
-22 + -7 + 8 - (-204 - -164)
19
Calculate 19 - ((-3 - 51) + -109 + 110) - 5.
67
What is the value of 1 - -28 - (20 + (-94 - -13))?
90
Calculate -78 + -113 - -100 - -197.
106
What is 5 - 2 - (-373 + 306)?
70
(5 - 2 - (-64 + -4 + 55)) + 84
100
Evaluate -4 + -5 + -7 + 23 + -11 + 5.
1
603 - 555 - (-2 + 18)
32
What is -93 + 25 + (-34 - -10) + 22?
-70
Calculate (29 - (-20 + 12 + -15)) + (10 - -4) - 2.
64
Evaluate 23 - 47 - (4 - -19).
-47
Evaluate -29 + (-45 - -42) - -60.
28
(-23 + 5 - 0) + 7 - (0 + -79 - -4)
64
-2 + (0 - (31 - 20) - (-41 + 0))
28
What is 90 - (-3 - -11) - (561 + -537)?
58
(-2 - -128 - (50 - 15)) + -12
79
What is (-8 - 102) + (1 - 18) + (36 - 19)?
-110
What is 14 - (-1 - -2) - (-28 - 4 - 1)?
46
Calculate 20 + -4 - (20 + 15 - 39) - 70.
-50
Evaluate -18 + (9 - (-17 - -38) - -3).
-27
Calculate 9 + -48 + (-55 + 21 - -20).
-53
-44 + 25 + -28 + 43 + 0
-4
What is the value of -42 - -143 - (136 + -24)?
-11
What is 101 + 0 + (1633 - 1687)?
47
(-18 - -24) + -13 - (-1 - (-3 + 0 + 2))
-7
Calculate (-115 - (-42 + -15)) + 0.
-58
What is the value of 23 + (-81 - -74) - (0 - 6 - 3)?
25
Calculate 49 + 12 + (-22 + -1 + 18 - 0).
56
Calculate -2 - (-15 + 4 - (3 + -12 + 46)).
46
Calculate (43 - 35) + -37 + 42 + -4.
9
Calculate (-12 - 38) + (8 - (-7 - (8 + -18))).
-45
Calculate 16 + -10 + (-4 - (-2 + 17)) + -30.
-43
Calculate (19 + -26 + 15 - 32) + 17.
-7
(7 - (6 + -9 + 6)) + (-1 - 7) - -26
22
What is -6 - (-4 + 12 + -11 + (18 - 6))?
-15
-121 + 36 - -85 - (3 + -15)
12
What is the value of 15 + (30 - 17) + -7 + -26 - 55?
-60
Evaluate 0 + 14 + -6 + (6 - (24 + -5 - 6)).
1
12 - (3 + -4 + -11 - (3 - (38 - 8)))
-3
Calculate (-66 - (38 - 72)) + 14.
-18
What is the value of 20 + 3 + -84 + 55?
-6
Calculate 2 - ((1 + -41 - -36 - (0 + -8)) + 5).
-7
8 - (16 - (56 - 13 - 22))
13
What is the value of -323 + 398 + 45 + -11?
109
-10294 + 10287 - (1 - 2 - -4)
-10
Evaluate (-9 - (-11 + -11)) + (-22 - -69).
60
-1 + -7 - (22 - ((5 - -3) + (-2 - -10)))
-14
What is 19 + 0 - (-49 - 53 - -114)?
7
What is 6 + (12 + (7 + -6 - 3) - (31 + -6))?
-9
(1 + (18 - -22) - 9) + 23
55
Calculate -28 + (-7 + 1 + -38 - -5).
-67
What is the value of 26 - 2 - (-241 + 99 + 68)?
98
Calculate -15 + 3 - (24 - (51 - 5)).
10
What is the value of -11 + 5 + 7 - (-24 + 15 - (30 - -2))?
42
(0 - 7) + (54 - (-35 + 105))
-23
Evaluate (-1 - (0 - 10)) + (18 - (31 - 28 - -100)).
-76
3955 + -3892 + (-6 - 19)
38
What is the value of -17 + 16 + 13 + (-54 - -11)?
-31
What is 15 + (-15 - (-20 + 15) - -10) + -58?
-43
3 - (-24 - -5 - (-7 - 25)) - (2 - 75)
63
-34 + -49 + 73 + -28
-38
-7 - (24 + -17 + 30 + 22)
-66
What is (-16 + -3 - (3 + -18) - -7) + 4?
7
Evaluate -6 - -1 - (12 + 13 + (-4 - 38)).
12
Calculate -18 + 50 + 2 - (-17 - -32).
19
What is (72 + 10 - 77) + (6 - 0 - -3)?
14
What is the value of -1 + -8 - (-258 + 278 - 12)?
-17
Calculate 50 + -2 + (49 - -9) + -85.
21
What is the value of 461 - 476 - (81 + 0)?
-96
Evaluate 48 + (1 - 10) - (-731 + 666).
104
Calculate -11 + (-122 + 89 - -83).
39
What is -33 + 32 + -18 - -37 - -25?
43
-9 - -13 - 36 - (0 - 119)
87
9 - (12 - -14) - (-56 - (-10 + 1))
30
Calculate -46 - -54 - 7 - (-69 + 6).
64
-5 + 38 - (-89 - -78)
44
-53 - -30 - (-8 + 1 - (14 - (16 + -4)))
-14
What is (15 - (82 + -110)) + -2 + 26?
67
Calculate (3 + -4 - (4 + -100 + -1)) + -28 + 20.
88
Evaluate 3 - -58 - (20 - 19) - (18 + -6).
48
-2 + 5 + (20 - 101 - -125)
47
What is the value of (3 - 2) + (-2 - -9) + -150 + 132 - -26?
16
Evaluate -26 + 1 + -122 + 114 + 10.
-23
What is the value of (83 - 108) + 0 + 37?
12
Evaluate (1 - (1 - 1)) + 8 + (-182 - -150) + -10.
-33
Calculate 30 - 13 - (-11 + (3 - -3)).
22
Calculate (0 + 5 - (20 - 0)) + 100 + -104.
-19
Calculate 0 - -7 - (-1817 - -1816).
8
-1 - 64 - (4725 - 4734)
-56
What is the value of 108 + (-18 - 72) - (0 + 43)?
-25
-52 + 46 + -62 + 44
-24
What is the value of -27 + (62 - (60 - 13))?
-12
What is -13 + 87 + 42 + -70?
46
(11 + -47 + 22 - 50) + (1 - -13)
-50
(-63 - -104) + -98 + 46
-11
Evaluate -25 - (46 + (-101 - -10 - -39)).
-19
What is (109 - -2) + (8161 - 8354)?
-82
What is 1 + 3 - 6 - (142 + -81)?
-63
-5 + (60 + -13 - (-5 + 10) - 7) - 7
23
Evaluate (-6 - -4) + -28 + -53 + 55 + -3.
-31
What is the value of (-5 - -32) + 112 + -16 + -99?
24
Evaluate 2 + 4 + -71 + (-1821 - -1817).
-69
Calculate -1469 - -1529 - (-1 + 100).
-39
What is the value of (-18 - -25) + 4 - (53 - (3 + 4))?
-35
What is the value of -15 + (-12 - -9) - (59 - 12)?
-65
What is the value of 58 - (-2 - -5) - (414 - 393)?
34
What is the value of 10 - (25 - (-12 - (8 + -4 + -13)))?
-18
Evaluate -4 + (17 - (0 + 0 + -13)) + -2.
24
What is the value of 13 + -27 + 112 - 51?
47
What is the value of 6 - (9 - (16 - (29 - 11)))?
-5
-16 + -25 - -51 - 4
6
What is the value of (309 - (-281 + 625)) + -2 + (0 - 1)?
-38
Evaluate 39 - (11 + 1 + -524 + 515).
36
What is (-4021 - -4034) + 0 + -56?
-43
What is -105 + (-1 - -1 - (-58 - -11 - -27 - -7))?
-92
What is 222 + -325 - (-11 - 33)?
-59
Evaluate -1074 + 997 + (-5 - -136).
54
Calculate 44 + -42 + 34 + (-1 - -4) + -8.
31
Evaluate (-1253 - -1284) + (-51 - -1).
-19
What is the value of -31 + 61 - ((7 - 13) + 77)?
-41
What is -88 - -171 - 85 - (-2 - 56)?
56
(-27 - -37) + -4 + 47 + -3 + (6 - -2)
58
Calculate (-115 - (-142 + 35)) + 2 + -33.
-39
11 - ((379 - 422) + (0 - -8) + -5 + 2)
49
What is (-26 - -17) + 1 + 3 - (52 + -19)?
-38
Evaluate -17 - (9 - (33 + -1) - 34).
40
(-3 - -24 - (-131 - -128)) + -3 + 2
23
267 + -251 + -6 + 12 + -7 + 49
64
Evaluate 20 + (-25 - (1 + -19) - -42).
55
Calculate -1 + 87 + (-2253 - -2268).
101
Calculate (16 + 1 + -10 + -14 - 45) + -7.
-59
-131 + -64 + 51 + 101
-43
Calculate -75 - (-2 + 19 + 15 + 2 + -29).
-80
What is the value of 22 + (204 - 281 - (-17 - -2))?
-40
What is the value of -1 + 47 - 34 - -7?
19
What is 16 - (32 - (-12 - -27)) - (3 + -2 + -11)?
9
What is (4 - -1) + (26 - (35 - 1)) + -25?
-28
-25 - (53 + -111 + 47)
-14
What is the value of 33 - ((-12 - -4) + (15 - 17) + -4)?
47
Evaluate 3 + -136 - (0 + (-1 - 17) + (-1668 - -1672)).
-119
Evaluate 42 - (0 + -1 - (-133 - -145)) - -20.
75
What is the value of (-3 - -40) + 1 - (-2 + (32 - 20 - 21))?
49
Evaluate (-4 - -10) + (7 - (122 - 108 - (-13 + -1))).
-15
What is -5 + -1 + 1 + (-27 - -49 - -120) + -34?
103
-805 + 907 - (94 + 0)
8
Calculate -13 - (-45 + -26 + 59 + -36).
35
What is the value of (7 - -95) + (-21 - 101)?
-20
-36 + (-25 - 56) + 117
0
-4 + 2 - ((-8 + 8 - -8) + -6) - 65
-69
Evaluate -14 + 0 + (97 - 143 - 5).
-65
Evaluate -10 - ((-4 - (-11 + 15 + 4)) + -33).
35
Evaluate (-6 + 6 - 4) + 288 + -286.
-2
Evaluate (-1 - -16) + (124 - (-16 - -66)) + -9.
80
What is (78 + 7 - -1) + (19 - 6) + -22?
77
What is the value of (-6 + (0 + 8 - -2) - -1 - -5) + 1?
11
-200 - (-49 - -8) - (-41 - -5)
-123
Calculate 23 - (-121 + 115 - (0 + -1)).
28
What is (-2 - -12) + -2 + (0 + -3 - (-2439 